800 + -3780. Calculate the highest common factor of 20 and k.
20
Suppose 4*v = 5*s + 19, -5 = -3*s - 2. Suppose -416 = z - v*z - 4*p, 232 = 3*z - 2*p. What is the highest common divisor of 2 and z?
2
Let r be -2 + (-236)/(-20) + 4 + 126/105. Calculate the greatest common factor of r and 2955.
15
Let t = -44 + 52. Let g(v) = -7*v**3 + 2*v**2 - 2*v - 1. Let q be g(-3). Let x = q + -132. What is the highest common factor of t and x?
8
Let r be (46*(-19)/8)/((-175)/1400). Calculate the highest common divisor of r and 368.
46
Suppose 136 = 41*j - 1971 - 2485. Calculate the greatest common factor of j and 700.
28
Let y be -13 + -1*3/(3/(-58)). Let q be (-34)/(6/(-4) - -1). Suppose q = -4*d + 188. What is the highest common divisor of d and y?
15
Suppose 201*y - 173056 = 149*y. What is the greatest common factor of 520 and y?
104
Suppose -5 = -2*w + 19. Let c be 1*8/20 - (-208)/80. Suppose q = 2*l + 106, -q + 4*l - 172 = -c*q. Calculate the greatest common factor of q and w.
12
Let p = 88754 + -88601. Let d be -1*-102*(1 - -3). What is the greatest common factor of d and p?
51
Let p(a) = 1101*a**3 - 32*a**2 + 91*a. Let t be p(3). What is the greatest common divisor of 48 and t?
48
Let n be ((-41)/(-369))/(1 + 69/(-72))*36. What is the greatest common divisor of n and 1764?
12
Suppose 3*k - k + 4*c = 244, 4*k - c - 479 = 0. Let p be -5*3*4/k*-314. Suppose -s + p - 21 = 0. Calculate the highest common factor of s and 17.
17
Suppose -2*q + 13 = -5*r - 68, 0 = -2*q + 3*r + 79. Let u be ((-209)/q)/(3/(-42)). Calculate the greatest common divisor of u and 11.
11
Let a = -242 + 648. What is the highest common divisor of a and 392?
14
Suppose 0 = -13*a - 11*a. Suppose 22 = j - a*j - 3*c, 0 = 4*j + 2*c - 74. What is the highest common divisor of j and 152?
19
Let u(f) = 3*f**2 + 5*f + 24. Let w be u(-4). Let v = w + -20. What is the highest common factor of v and 12?
4
Let w(s) = -11*s - 48. Let r be w(-6). Suppose r*j - 11*j = 28. Suppose -5*u + 353 = j*a, 14 = u + 3*a - 61. Calculate the greatest common divisor of 92 and u.
23
Suppose 11*j - 24 = 3*j. Suppose -2*z = 0, -j*n - 3*z - 49 = -244. Calculate the greatest common factor of 39 and n.
13
Let o = -2832 - -2916. What is the greatest common factor of 132 and o?
12
Suppose -i - 4*c = 1, 3*i - 2*c = -2*i + 83. Let h(x) = 4*x**2 - 7*x + 3. Let r be h(-9). Calculate the highest common divisor of i and r.
15
Let o = 9959 - 8543. What is the greatest common divisor of o and 132?
12
Let n(h) = h**2 - 12*h + 25. Let q = 65 + -55. Let l be n(q). Suppose -l*c = -2*t + 5*t + 8, 4*t = -4*c. What is the greatest common factor of t and 6?
2
Let w be 82/(-4) - (-14)/28. Let b be 0 + (-1)/(-3) + w/(-12). Calculate the highest common divisor of b and 54.
2
Let a(z) = z + 9. Let u be a(-7). Let x(b) = b**u - 23 - 13*b + 29*b - 14*b. Let o be x(-7). What is the greatest common factor of o and 6?
6
Let z = -19236 + 19259. Calculate the greatest common divisor of 24081 and z.
23
Suppose 10*p = 3*u - 31 + 8, -6 = 4*u + 5*p. Calculate the highest common factor of u and 1663.
1
Let b(n) = -2*n - 5. Let r be b(-7). Let m = 13 - r. Suppose -133 + 29 = -m*t. Calculate the greatest common factor of 65 and t.
13
Suppose 19*w - 1641 - 3158 = -239. Calculate the highest common divisor of 630 and w.
30
Let h = -160 - -149. Let q(x) = -x**3 - 9*x**2 + 23*x + 23. Let k be q(h). Let r(y) = 8*y - 4. Let g be r(5). Calculate the greatest common divisor of k and g.
12
Let z = -3870 + 5209. What is the highest common factor of 103 and z?
103
Let v be (-62 + 2)*(1330/28)/(-19). Calculate the greatest common divisor of v and 825.
75
Let s = -113 - -170. Suppose -c + s = 2*k - 6*k, 5*c - 285 = -k. Calculate the greatest common divisor of c and 15.
3
Suppose 0 = -5*n - 4*p + 1015, 231 = n + 2*p + 34. Let z = -31 - -54. What is the greatest common factor of z and n?
23
Let s be 84 - (-114 + 115)/(1 - (-12)/(-14)). What is the highest common divisor of s and 63?
7
Let u = 3679 - 3671. What is the highest common factor of u and 412?
4
Suppose -44 = 16*p - 76. Suppose -15 + p = -13*w. Calculate the greatest common divisor of w and 10.
1
Suppose -290*h = -288*h - 3*m - 89, 5*h - 359 = -3*m. Let p = 11 + -7. Suppose p*r = 2*r + 16. Calculate the greatest common divisor of r and h.
8
Suppose 0 = 3*q + 4*j - 59, 113 = -q + 6*q + 3*j. Let o = 558 + -367. Suppose 109 = 3*m - o. Calculate the highest common divisor of m and q.
25
Let c = -151 - -184. Let x = -1501 + 1506. What is the greatest common divisor of c and x?
1
Let u(t) = -t**3 + 5*t**2 + 86*t - 9. Let y be u(12). Let i = -9 - -9. Suppose i = j - 2*c - 1, 2*c + 3*c = 5. What is the greatest common factor of y and j?
3
Let c(z) = 11*z**2 - 42*z + 159. Let i be c(8). Calculate the greatest common factor of 279 and i.
31
Let x = -91 + 69. Let u be ((-34)/(-5))/((-2)/(-30)). Let j = x + u. What is the highest common divisor of 16 and j?
16
Let v = 15823 + -13123. What is the greatest common factor of v and 350?
50
Suppose 3*s - t = 8*s - 1924, 3*t - 1164 = -3*s. Calculate the highest common divisor of 456 and s.
24
Let i(g) = -g**3 - 41*g**2 - 425*g + 11. Let h be i(-18). Calculate the highest common factor of 77 and h.
11
Suppose -v = v - 56. Suppose -4*i + v = -0*i. Suppose i = 5*t - 33. Calculate the highest common divisor of 88 and t.
8
Let w be (((-75)/12)/(-5))/(18963/9480 - 2). What is the highest common factor of 50 and w?
50
Let i(c) = -c**3 + 10*c**2 + 9*c + 27. Let m be i(11). Suppose 0 = -31*o + 32*o - m. Calculate the greatest common factor of o and 155.
5
Let x(m) = m**2 + 7*m - 25. Let f be (-19 - -6) + 4/2. Let d be x(f). Let b = 559 - 350. Calculate the highest common factor of d and b.
19
Suppose 8*r - 4035 = -2635. What is the greatest common divisor of 425 and r?
25
Let m be 4/2 - (-69 + -17). Suppose 30*p + 348 = m*p. What is the highest common divisor of p and 426?
6
Suppose 5*z - 485 + 135 = 0. Let g(c) = c**2 - 3188*c - 28743. Let v be g(-9). What is the greatest common divisor of z and v?
10
Suppose -3*a + 2*c - c = -247, -5*a - c + 401 = 0. Let k be 59 - 18/(-3)*(-8)/(-12). Let x be 150/25 - k/(-3). Calculate the highest common divisor of a and x.
27
Suppose 5*x + 234 = -5*v - 106, 5*x + 340 = -3*v. Let b = 98 + x. Suppose 0*j - 9*j + 54 = 0. What is the highest common factor of j and b?
6
Let m be 41 - (-2 - (-3 + -1)). Suppose -42*f + m*f + 24 = 0. Let u be (2/3)/((-12)/(-576)). What is the greatest common divisor of f and u?
8
Suppose -50*t - 78 = -52*t. Suppose 121 = 2*p + t. What is the highest common factor of 451 and p?
41
Let f = 1257 + -617. Suppose 47*n = 57*n - f. Calculate the highest common divisor of n and 24.
8
Suppose -3*o + 660 = 3*g, 897 = 5*o + 4*g - 204. What is the highest common factor of o and 51?
17
Let k(c) = -2*c**2 + 68*c - 304. Let t be k(28). What is the greatest common factor of t and 224?
32
Let t = -549 - -573. Let c be (-32)/t*(-21)/2. Let h(z) = 20*z + 1. Let v be h(1). What is the greatest common factor of v and c?
7
Let h = 687 - 673. Calculate the greatest common factor of h and 1442.
14
Let i(o) be the second derivative of 10/3*o**3 - 2*o**2 - 1/20*o**5 + 3/4*o**4 + 2*o - 2. Let d be i(10). What is the highest common divisor of 64 and d?
32
Suppose 3*u - 29*a + 32*a - 24 = 0, u - 16 = a. Let d(i) = -i**3 + 10*i**2 + 29*i - 8. Let x be d(12). Calculate the greatest common factor of x and u.
4
Let s = 10525 - 10325. What is the highest common factor of s and 11650?
50
Let b = 916 + -911. Calculate the greatest common factor of 1315 and b.
5
Let m be (-483)/35*(-6 + 39/9). What is the highest common factor of 621 and m?
23
Let x = 1946 - 914. Let m = x + -222. What is the highest common divisor of 10 and m?
10
Suppose 0 = -3*o + 5*c - 5, 1 = -o + 3*c - 6. Suppose 0 = -o*l + 104 + 56. What is the greatest common factor of l and 96?
32
Let m be 315/(-7)*(-896)/192. What is the greatest common divisor of 658 and m?
14
Suppose -5*f + 3*v = 200, -109 = -0*f + 3*f - 4*v. Let k = 89 + -42. Let x = k + f. Calculate the highest common divisor of x and 4.
4
Let r = 4097 + -3347. What is the highest common divisor of 510 and r?
30
Let o(h) = -9*h**2 - 61*h + 14. Let c be o(-7). Suppose -r + 4*d = 14, c = -0*r + 2*r - 5*d + 13. Calculate the great